ors of 2093.
7, 13, 23
What are the prime factors of 814?
2, 11, 37
What are the prime factors of 98896?
2, 7, 883
List the prime factors of 92945.
5, 29, 641
What are the prime factors of 948?
2, 3, 79
What are the prime factors of 1009?
1009
What are the prime factors of 101368?
2, 12671
List the prime factors of 626.
2, 313
List the prime factors of 13658.
2, 6829
What are the prime factors of 1663?
1663
What are the prime factors of 50910?
2, 3, 5, 1697
What are the prime factors of 727?
727
What are the prime factors of 10056?
2, 3, 419
What are the prime factors of 950?
2, 5, 19
List the prime factors of 179215.
5, 73, 491
What are the prime factors of 23788?
2, 19, 313
List the prime factors of 7518.
2, 3, 7, 179
What are the prime factors of 409?
409
What are the prime factors of 1277?
1277
What are the prime factors of 49634?
2, 13, 23, 83
List the prime factors of 66437.
7, 9491
List the prime factors of 33963.
3, 11321
What are the prime factors of 10041?
3, 3347
What are the prime factors of 1908?
2, 3, 53
What are the prime factors of 11180?
2, 5, 13, 43
List the prime factors of 337.
337
List the prime factors of 20063.
20063
List the prime factors of 145097.
373, 389
What are the prime factors of 4556?
2, 17, 67
What are the prime factors of 33452?
2, 8363
List the prime factors of 102706.
2, 89, 577
What are the prime factors of 789?
3, 263
List the prime factors of 16638.
2, 3, 47, 59
List the prime factors of 861.
3, 7, 41
What are the prime factors of 3195?
3, 5, 71
What are the prime factors of 1512?
2, 3, 7
What are the prime factors of 67?
67
What are the prime factors of 20762?
2, 7, 1483
List the prime factors of 24054.
2, 3, 19, 211
What are the prime factors of 39542?
2, 17, 1163
List the prime factors of 7776.
2, 3
List the prime factors of 17361.
3, 643
List the prime factors of 98.
2, 7
What are the prime factors of 2958?
2, 3, 17, 29
List the prime factors of 1634.
2, 19, 43
List the prime factors of 2058.
2, 3, 7
What are the prime factors of 8397?
3, 311
List the prime factors of 11638.
2, 11, 23
List the prime factors of 8356.
2, 2089
What are the prime factors of 34770?
2, 3, 5, 19, 61
What are the prime factors of 2465?
5, 17, 29
What are the prime factors of 4174?
2, 2087
List the prime factors of 9906.
2, 3, 13, 127
What are the prime factors of 113113?
7, 11, 13, 113
What are the prime factors of 1376?
2, 43
List the prime factors of 23028.
2, 3, 19, 101
List the prime factors of 1336.
2, 167
What are the prime factors of 151438?
2, 7, 29, 373
List the prime factors of 833.
7, 17
List the prime factors of 46907.
7, 6701
What are the prime factors of 2131?
2131
What are the prime factors of 1212?
2, 3, 101
List the prime factors of 8362.
2, 37, 113
What are the prime factors of 14904?
2, 3, 23
What are the prime factors of 10142?
2, 11, 461
What are the prime factors of 53616?
2, 3, 1117
What are the prime factors of 38069?
38069
List the prime factors of 1005.
3, 5, 67
What are the prime factors of 2498?
2, 1249
List the prime factors of 21793.
19, 31, 37
List the prime factors of 3766.
2, 7, 269
What are the prime factors of 3000?
2, 3, 5
What are the prime factors of 32509?
19, 29, 59
What are the prime factors of 24893?
11, 31, 73
List the prime factors of 90713.
7, 12959
List the prime factors of 367.
367
What are the prime factors of 15371?
19, 809
List the prime factors of 1846.
2, 13, 71
What are the prime factors of 316?
2, 79
List the prime factors of 256.
2
List the prime factors of 580.
2, 5, 29
List the prime factors of 8072.
2, 1009
List the prime factors of 1305.
3, 5, 29
What are the prime factors of 38141?
43, 887
List the prime factors of 683.
683
List the prime factors of 1244.
2, 311
List the prime factors of 9670.
2, 5, 967
What are the prime factors of 6906?
2, 3, 1151
List the prime factors of 4378.
2, 11, 199
What are the prime factors of 7067?
37, 191
List the prime factors of 120741.
3, 167, 241
List the prime factors of 61689.
3, 20563
What are the prime factors of 25465?
5, 11, 463
What are the prime factors of 181072?
2, 11317
List the prime factors of 66117.
3, 22039
What are the prime factors of 945?
3, 5, 7
List the prime factors of 6554.
2, 29, 113
What are the prime factors of 22330?
2, 5, 7, 11, 29
List the prime factors of 9836.
2, 2459
What are the prime factors of 4639?
4639
What are the prime factors of 1386?
2, 3, 7, 11
What are the prime factors of 25407?
3, 941
What are the prime factors of 139203?
3, 15467
List the prime factors of 2557.
2557
List the prime factors of 326.
2, 163
List the prime factors of 96173.
7, 11, 1249
List the prime factors of 63451.
107, 593
What are the prime factors of 1987?
1987
What are the prime factors of 24490?
2, 5, 31, 79
List the prime factors of 1698.
2, 3, 283
List the prime factors of 107574.
2, 3, 17929
List the prime factors of 401.
401
What are the prime factors of 4502?
2, 2251
List the prime factors of 2032.
2, 127
What are the prime factors of 23475?
3, 5, 313
What are the prime factors of 37270?
2, 5, 3727
List the prime factors of 7776.
2, 3
What are the prime factors of 1093?
1093
List the prime factors of 9672.
2, 3, 13, 31
What are the prime factors of 183?
3, 61
What are the prime factors of 1140?
2, 3, 5, 19
What are the prime factors of 35543?
35543
What are the prime factors of 18396?
2, 3, 7, 73
List the prime factors of 123416.
2, 15427
List the prime factors of 60413.
60413
What are the prime factors of 409?
409
List the prime factors of 1053.
3, 13
List the prime factors of 6119.
29, 211
List the prime factors of 2010.
2, 3, 5, 67
What are the prime factors of 232?
2, 29
List the prime factors of 584.
2, 73
What are the prime factors of 1603?
7, 229
What are the prime factors of 32056?
2, 4007
List the prime factors of 32426.
2, 31, 523
What are the prime factors of 880?
2, 5, 11
List the prime factors of 17042.
2, 8521
What are the prime factors of 5012?
2, 7, 179
What are the prime factors of 704?
2, 11
List the prime factors of 2416.
2, 151
What are the prime factors of 13494?
2, 3, 13, 173
List the prime factors of 2446.
2, 1223
What are the prime factors of 16046?
2, 71, 113
What are the prime factors of 80021?
80021
List the prime factors of 29685.
3, 5, 1979
What are the prime factors of 581?
7, 83
List the prime factors of 1498.
2, 7, 107
List the prime factors of 17254.
2, 8627
What are the prime factors of 2456?
2, 307
What are the prime factors of 18346?
2, 9173
What are the prime factors of 33485?
5, 37, 181
List the prime factors of 10722.
2, 3, 1787
What are the prime factors of 421?
421
List the prime factors of 11366.
2, 5683
List the prime factors of 46458.
2, 3, 29, 89
What are the prime factors of 25808?
2, 1613
What are the prime factors of 2595?
3, 5, 173
What are the prime factors of 4631?
11, 421
What are the prime factors of 1106?
2, 7, 79
List the prime factors of 2384.
2, 149
What are the prime factors of 3815?
5, 7, 109
What are the prime factors of 50747?
31, 1637
What are the prime factors of 1053?
3, 13
What are the prime factors of 3137?
3137
List the prime factors of 19298.
2, 9649
List the prime factors of 5767.
73, 79
What are the prime factors of 151601?
19, 79, 101
What are the prime factors of 87481?
87481
What are the prime factors of 44575?
5, 1783
What are the prime factors of 1093?
1093
What are the prime factors of 2217?
3, 739
List the prime factors of 1030.
2, 5, 103
List the prime factors of 28176.
2, 3, 587
What are the prime factors of 757?
757
What are the prime factors of 2452?
2, 613
List the prime factors of 3853.
3853
List the prime factors of 18280.
2, 5, 457
List the prime factors of 1942.
2, 971
What are the prime factors of 1563?
3, 521
List the prime factors of 1394.
2, 17, 41
What are the prime factors of 12680?
2, 5, 317
List the prime factors of 619.
619
What are the prime factors of 18085?
5, 3617
List the prime factors of 22577.
107, 211
List the prime factors of 4204.
2, 1051
What are the prime factors of 1616?
2, 101
What are the prime factors of 776?
2, 97
What are the prime factors of 38715?
3, 5, 29, 89
List the prime factors of 294.
2, 3, 7
What are the prime factors of 4487?
7, 641
List the prime factors of 11801.
11801
List the prime fa